{"id":76,"date":"2019-07-08T14:23:18","date_gmt":"2019-07-08T12:23:18","guid":{"rendered":"https:\/\/tango.argentino.pl\/festival\/?page_id=76"},"modified":"2019-09-29T11:03:28","modified_gmt":"2019-09-29T09:03:28","slug":"program","status":"publish","type":"page","link":"https:\/\/tango.argentino.pl\/festival\/program\/","title":{"rendered":"Program"},"content":{"rendered":"\n<div class=\"wp-block-file\"><a href=\"https:\/\/tango.argentino.pl\/festival\/wp-content\/uploads\/2019\/09\/Program-Festival-w-\u015awinoujsciu-NEW.pdf\" target=\"_blank\" rel=\"noreferrer noopener\">Program Festiwalu<\/a><a href=\"https:\/\/tango.argentino.pl\/festival\/wp-content\/uploads\/2019\/09\/Program-Festival-w-\u015awinoujsciu-NEW.pdf\" class=\"wp-block-file__button\" download>Pobierz PDF<\/a><\/div>\n\n\n\n<div class=\"wp-container-4 wp-block-columns has-3-columns\">\n<div class=\"wp-container-1 wp-block-column\">\n<p class=\"has-text-color has-background has-medium-font-size has-very-light-gray-color has-vivid-cyan-blue-background-color\">Pi\u0105tek 27.09<\/p>\n\n\n\n<p>18 | Otwarta lekcja tanga (dla wszystkich zainteresowanych): <strong>Dorota i Adrian Grygier<\/strong><br><strong>Miejski Dom Kultury<\/strong><\/p>\n\n\n\n<p>20 | Koncert<br><strong>Carlos Roulet &amp; Edgardo Otero cuarteto<\/strong><br><strong>Muszla Koncertowa &#8211; Promenada<\/strong><\/p>\n\n\n\n<p>21-3 | Grand Milonga &#8211; Morska<br><strong>Hotel Interferie Medical Spa<\/strong> (obowi\u0105zuje dress code)<\/p>\n\n\n\n<p>3-5 | After Party <br><strong>Hotel Interferie Medical Spa<\/strong><\/p>\n<\/div>\n\n\n\n<div class=\"wp-container-2 wp-block-column\">\n<p class=\"has-text-color has-background has-medium-font-size has-very-light-gray-color has-vivid-cyan-blue-background-color\">Sobota 28.09<\/p>\n\n\n\n<p>10-13 | Warsztaty tanga: <strong>Luiza i Marcelo Almiron<\/strong> <strong>(Temat &#8211; 1, 2)<\/strong>*<br><strong>Miejski Dom Kultury<\/strong><\/p>\n\n\n\n<p>13-15 | Technika dla Pa\u0144<br><strong>Luiza Almiron<\/strong><br><strong>Miejski Dom Kultury<\/strong><\/p>\n\n\n\n<p>14 | Flash mob<br><strong>Promenada &#8211; Kolorowa Fontanna<\/strong><\/p>\n\n\n\n<p>15 | Otwarta lekcja tanga (dla wszystkich zainteresowanych): <strong>Dorota i Adrian Grygier<\/strong> <br><strong>Miejski Dom Kultury<\/strong><\/p>\n\n\n\n<p>16-20 | Milonga popo\u0142udniowa<br><strong>Hotel Interferie Medical Spa<\/strong> <\/p>\n\n\n\n<p>21-3 | Grand Milonga Elegante<br><strong>Hotel Interferie Medical Spa<\/strong><\/p>\n\n\n\n<p>3-5 | After Party<br><strong>Hotel Interferie Medical Spa<\/strong><\/p>\n<\/div>\n\n\n\n<div class=\"wp-container-3 wp-block-column\">\n<p class=\"has-text-color has-background has-medium-font-size has-very-light-gray-color has-vivid-cyan-blue-background-color\">Niedziela 29.09<\/p>\n\n\n\n<p>10-13 | Warsztaty tanga: <strong>Luiza i Marcelo Almiron<\/strong> <strong>(Temat &#8211; 3, 4)<\/strong>*<br><strong>Miejski Dom Kultury<\/strong><\/p>\n\n\n\n<p>12:30-14 | Rejs tangowy<br><strong>Wybrze\u017ce W\u0142adys\u0142awa IV<\/strong><\/p>\n\n\n\n<p>14:30 | Flash mob<br><strong>Plac Wolno\u015bci<\/strong> (w razie deszczu spotykamy si\u0119 w Muszli Koncertowej o 14:45)<\/p>\n\n\n\n<p>16-20 | Milonga popo\u0142udniowa<br><strong>Hotel Interferie Medical Spa<\/strong><\/p>\n\n\n\n<p>21-1 | Milonga po festiwalowa<br><strong>Caffe Passion<\/strong><\/p>\n<\/div>\n<\/div>\n\n\n\n<p>* <strong>Tematy warsztat\u00f3w:<\/strong><br><strong>1.<\/strong> Interesuj\u0105ce rozwi\u0105zania w krzy\u017cykach i kanapkach<br><strong>2.<\/strong> Milonga \u2013 rozwi\u0105zania oparte na rebotes i ich kombinacjach + ma\u0142y skoczek<br><strong>3.<\/strong> Typowe i nietypowe baridy w bliskim trzymaniu<br><strong>4.<\/strong> Figury obrotowe i obroty w walc tangu<\/p>\n","protected":false},"excerpt":{"rendered":"<p>Pi\u0105tek 27.09 18 | Otwarta lekcja tanga (dla wszystkich zainteresowanych): Dorota i Adrian GrygierMiejski Dom Kultury 20 | KoncertCarlos Roulet &amp; Edgardo Otero cuartetoMuszla Koncertowa &#8211; Promenada 21-3 | Grand Milonga &#8211; MorskaHotel Interferie Medical Spa (obowi\u0105zuje dress code) 3-5 | After Party Hotel Interferie Medical Spa Sobota 28.09 10-13 | Warsztaty tanga: Luiza i &hellip; <\/p>\n<p class=\"link-more\"><a href=\"https:\/\/tango.argentino.pl\/festival\/program\/\" class=\"more-link\">Czytaj dalej<span class=\"screen-reader-text\"> \u201eProgram\u201d<\/span><\/a><\/p>\n","protected":false},"author":1,"featured_media":0,"parent":0,"menu_order":0,"comment_status":"closed","ping_status":"closed","template":"","meta":[],"_links":{"self":[{"href":"https:\/\/tango.argentino.pl\/festival\/wp-json\/wp\/v2\/pages\/76"}],"collection":[{"href":"https:\/\/tango.argentino.pl\/festival\/wp-json\/wp\/v2\/pages"}],"about":[{"href":"https:\/\/tango.argentino.pl\/festival\/wp-json\/wp\/v2\/types\/page"}],"author":[{"embeddable":true,"href":"https:\/\/tango.argentino.pl\/festival\/wp-json\/wp\/v2\/users\/1"}],"replies":[{"embeddable":true,"href":"https:\/\/tango.argentino.pl\/festival\/wp-json\/wp\/v2\/comments?post=76"}],"version-history":[{"count":21,"href":"https:\/\/tango.argentino.pl\/festival\/wp-json\/wp\/v2\/pages\/76\/revisions"}],"predecessor-version":[{"id":674,"href":"https:\/\/tango.argentino.pl\/festival\/wp-json\/wp\/v2\/pages\/76\/revisions\/674"}],"wp:attachment":[{"href":"https:\/\/tango.argentino.pl\/festival\/wp-json\/wp\/v2\/media?parent=76"}],"curies":[{"name":"wp","href":"https:\/\/api.w.org\/{rel}","templated":true}]}}