{"id":91,"date":"2019-07-08T15:41:21","date_gmt":"2019-07-08T13:41:21","guid":{"rendered":"https:\/\/tango.argentino.pl\/festival\/?page_id=91"},"modified":"2019-09-18T17:21:56","modified_gmt":"2019-09-18T15:21:56","slug":"djs","status":"publish","type":"page","link":"https:\/\/tango.argentino.pl\/festival\/djs\/","title":{"rendered":"Muzyka i DJ-e"},"content":{"rendered":"\n<p class=\"has-medium-font-size\"><strong>Carlos Roulet &amp; Edgardo Otero cuarteto<\/strong><\/p>\n\n\n\n<div class=\"wp-container-3 wp-block-columns has-2-columns\">\n<div class=\"wp-container-1 wp-block-column\">\n<figure class=\"wp-block-image\"><img loading=\"lazy\" width=\"390\" height=\"520\" src=\"https:\/\/tango.argentino.pl\/festival\/wp-content\/uploads\/2019\/07\/Carlos-Roulet-Edgardo-Otero.jpg\" alt=\"\" class=\"wp-image-456\" srcset=\"https:\/\/tango.argentino.pl\/festival\/wp-content\/uploads\/2019\/07\/Carlos-Roulet-Edgardo-Otero.jpg 390w, https:\/\/tango.argentino.pl\/festival\/wp-content\/uploads\/2019\/07\/Carlos-Roulet-Edgardo-Otero-225x300.jpg 225w\" sizes=\"(max-width: 390px) 100vw, 390px\" \/><\/figure>\n<\/div>\n\n\n\n<div class=\"wp-container-2 wp-block-column\">\n<p>Duet stworzony przez Carlosa Rouleta &#8211; g\u0142os i Edgardo Otero Salvadora &#8211; bandoneon i fortepian, razem przywo\u0142uj\u0105 pocz\u0105tki argenty\u0144skiego tanga, w jego najczystszej i najbardziej tradycyjnej formie. Wnosz\u0105 niuanse, sentymentalizm i ciep\u0142o niezb\u0119dne do interpretacji tego popularnego gatunku. <br>Ukazuj\u0105 graj\u0105c repertuar tang, walc\u00f3w i milong, swoj\u0105 mi\u0142o\u015bci do Tango, osi\u0105gni\u0119tej dzi\u0119ki realizacji trzech podstawowych instrument\u00f3w muzyki Buenos Aires.<br>Ka\u017cda prezentacja przedstawia obrazy z \u017cycia nocnego w Buenos Aires, tworz\u0105c magiczn\u0105 atmosfer\u0119 na przedmie\u015bciach Porte\u00f1o, gdzie tancerze spotykaj\u0105 si\u0119 w s\u0105siedztwie dziedzi\u0144c\u00f3w, a m\u0119\u017cczy\u017ani deklaruj\u0105 swoj\u0105 mi\u0142o\u015b\u0107 poprzez serenad\u0119 u st\u00f3p balkonu.<br>Carlos Roulet i Edgardo Otero Salvador, tradycyjne Tango argenty\u0144skie\u2026!!!<\/p>\n\n\n\n<div class=\"wp-block-image\"><figure class=\"aligncenter is-resized\"><a href=\"https:\/\/tango.argentino.pl\/festival\/wp-content\/uploads\/2019\/09\/Carlos-Roulet-Koncert-Festival-w-\u015awinoujsciu-MDK.png\"><img loading=\"lazy\" src=\"https:\/\/tango.argentino.pl\/festival\/wp-content\/uploads\/2019\/09\/Carlos-Roulet-Koncert-Festival-w-\u015awinoujsciu-MDK-212x300.png\" alt=\"\" class=\"wp-image-624\" width=\"106\" height=\"150\" srcset=\"https:\/\/tango.argentino.pl\/festival\/wp-content\/uploads\/2019\/09\/Carlos-Roulet-Koncert-Festival-w-\u015awinoujsciu-MDK-212x300.png 212w, https:\/\/tango.argentino.pl\/festival\/wp-content\/uploads\/2019\/09\/Carlos-Roulet-Koncert-Festival-w-\u015awinoujsciu-MDK.png 494w\" sizes=\"(max-width: 106px) 100vw, 106px\" \/><\/a><\/figure><\/div>\n<\/div>\n<\/div>\n\n\n\n<hr class=\"wp-block-separator is-style-wide\"\/>\n\n\n\n<div class=\"wp-container-7 wp-block-columns has-3-columns\">\n<div class=\"wp-container-4 wp-block-column\">\n<figure class=\"wp-block-image\"><img loading=\"lazy\" width=\"390\" height=\"520\" src=\"https:\/\/tango.argentino.pl\/festival\/wp-content\/uploads\/2019\/07\/luis-cono.jpg\" alt=\"\" class=\"wp-image-92\" srcset=\"https:\/\/tango.argentino.pl\/festival\/wp-content\/uploads\/2019\/07\/luis-cono.jpg 390w, https:\/\/tango.argentino.pl\/festival\/wp-content\/uploads\/2019\/07\/luis-cono-225x300.jpg 225w\" sizes=\"(max-width: 390px) 100vw, 390px\" \/><\/figure>\n\n\n\n<p class=\"has-medium-font-size\">Luis Cono<\/p>\n\n\n\n<p>Pochodz\u0119 z Chile, ale aktualnie mieszkam w Szwecji w Malm\u00f6. Jestem DJ Tango i organizatorem wydarze\u0144 tangowych. Od ponad 11 lat ta\u0144cz\u0119 tango. Mija muzyka na milongach jest zawsze imporwizacj\u0105, z wielk\u0105 dawk\u0105 energii podczas tand i cortin. Jest to moja prawdziwa pasja. Do zobaczenia!<\/p>\n\n\n\n<hr class=\"wp-block-separator\"\/>\n\n\n\n<figure class=\"wp-block-image\"><img loading=\"lazy\" width=\"390\" height=\"520\" src=\"https:\/\/tango.argentino.pl\/festival\/wp-content\/uploads\/2019\/07\/Piotr_Hajkowski.jpg\" alt=\"\" class=\"wp-image-315\" srcset=\"https:\/\/tango.argentino.pl\/festival\/wp-content\/uploads\/2019\/07\/Piotr_Hajkowski.jpg 390w, https:\/\/tango.argentino.pl\/festival\/wp-content\/uploads\/2019\/07\/Piotr_Hajkowski-225x300.jpg 225w\" sizes=\"(max-width: 390px) 100vw, 390px\" \/><\/figure>\n\n\n\n<p class=\"has-medium-font-size\">Piotr Hajkowski<\/p>\n\n\n\n<p>Jeden z moich nauczycieli tanga powiedzia\u0142 kiedy\u015b, \u017ce aby poprawi\u0107 sw\u00f3j taniec, powinienem s\u0142ucha\u0107 du\u017co dobrych tang. Najpierw musia\u0142em odkry\u0107 czym dla mnie jest dobre tango, a potem, jak dopasowa\u0107 do niego m\u00f3j taniec. Swoj\u0105 przygod\u0119 jako tango DJ zacz\u0105\u0142em w 2005 roku w legendarnej milondze \u201eNa Ch\u0142odnej\u201d w Warszawie. Od tego czasu grywa\u0142em na milongach i na warszawskim Festiwalu Tanga. Potem cz\u0119sto podr\u00f3\u017cowa\u0142em do Indii, gdzie w wolnym czasie pomaga\u0142em przyjaci\u00f3\u0142ce w prowadzeniu milongi w Bangalore. Obecnie mieszkam w Kopenhadze, gdzie regularnie gram w miejscowych milongach. Jako DJ tango staram si\u0119 tworzy\u0107 nastrojowe chwile, uspokajaj\u0105ce muzyczne fale, p\u0142ynne zmiany nastroju oraz mi\u0142e niespodzianki.<\/p>\n<\/div>\n\n\n\n<div class=\"wp-container-5 wp-block-column\">\n<figure class=\"wp-block-image\"><img loading=\"lazy\" width=\"390\" height=\"520\" src=\"https:\/\/tango.argentino.pl\/festival\/wp-content\/uploads\/2019\/07\/marcelo-almiron.jpg\" alt=\"\" class=\"wp-image-93\" srcset=\"https:\/\/tango.argentino.pl\/festival\/wp-content\/uploads\/2019\/07\/marcelo-almiron.jpg 390w, https:\/\/tango.argentino.pl\/festival\/wp-content\/uploads\/2019\/07\/marcelo-almiron-225x300.jpg 225w\" sizes=\"(max-width: 390px) 100vw, 390px\" \/><\/figure>\n\n\n\n<p class=\"has-medium-font-size\">Marcelo Almiron<\/p>\n\n\n\n<p>DJ Marcelo Almiron by\u0142 tango DJem w Buenos Aires od 2002 r. Od 8 lat gra na milongach w r\u00f3\u017cnych miastach Polski. DJ-owa\u0142 tak\u017ce na mi\u0119dzynarodowych festiwalach i maratonach i jest popularnym DJem na wybranych milongach w Europie.<br>Gra tradycyjnie, ale bardzo osobi\u015bcie: \u201eLubi\u0119 orkiestry z lat 30 i 40-ych oraz cz\u0119\u015bciowo z lat 50-ych. Nie ma dla mnie sztywnych zasad tworzenia muzyki na milong\u0119. Jedyn\u0105 regu\u0142\u0105 jakiej si\u0119 trzymam to nastr\u00f3j i energia na parkiecie oraz \u201eszcz\u0119\u015bliwe twarze ta\u0144cz\u0105cych\u201d!<\/p>\n\n\n\n<figure class=\"wp-block-image\"><img loading=\"lazy\" width=\"390\" height=\"520\" src=\"https:\/\/tango.argentino.pl\/festival\/wp-content\/uploads\/2019\/08\/Grzegorz_Ka\u0142muczak_DJ.jpg\" alt=\"\" class=\"wp-image-471\" srcset=\"https:\/\/tango.argentino.pl\/festival\/wp-content\/uploads\/2019\/08\/Grzegorz_Ka\u0142muczak_DJ.jpg 390w, https:\/\/tango.argentino.pl\/festival\/wp-content\/uploads\/2019\/08\/Grzegorz_Ka\u0142muczak_DJ-225x300.jpg 225w\" sizes=\"(max-width: 390px) 100vw, 390px\" \/><\/figure>\n\n\n\n<p class=\"has-medium-font-size\">Grzegorz Ka\u0142muczak<\/p>\n\n\n\n<p>Od 16 lat gra regularnie na milongach w Poznaniu, Lubi klasyczne tanga ze z\u0142otej ery. Ulubion\u0105 orkiestr\u0105 jest Rodolfo Biagi, W tym roku mija 20 lat jak tango sta\u0142o si\u0119 \u017cyciow\u0105 pasj\u0105.<\/p>\n<\/div>\n\n\n\n<div class=\"wp-container-6 wp-block-column\">\n<figure class=\"wp-block-image\"><img loading=\"lazy\" width=\"390\" height=\"520\" src=\"https:\/\/tango.argentino.pl\/festival\/wp-content\/uploads\/2019\/07\/Katharina-Gewert.jpg\" alt=\"\" class=\"wp-image-94\" srcset=\"https:\/\/tango.argentino.pl\/festival\/wp-content\/uploads\/2019\/07\/Katharina-Gewert.jpg 390w, https:\/\/tango.argentino.pl\/festival\/wp-content\/uploads\/2019\/07\/Katharina-Gewert-225x300.jpg 225w\" sizes=\"(max-width: 390px) 100vw, 390px\" \/><\/figure>\n\n\n\n<p class=\"has-medium-font-size\">Katharina Gewert<\/p>\n\n\n\n<p>Jestem mi\u0142o\u015bniczk\u0105 muzyki w og\u00f3le, a muzyka tangowa ma szczeg\u00f3lne miejsce. Jako TDJ sta\u0142am si\u0119 docenionym TDJ od 2017 roku. Cz\u0119sto gram na milongach na terenie Niemiec. Jestem znana z energii, kt\u00f3r\u0105 uda\u0142o mi si\u0119 stworzy\u0107 na wieczornych milongach. Ostro\u017cna i wra\u017cliwa na gusty i pragnienia tancerzy i kt\u00f3rzy s\u0105 inspiracj\u0105 i podstawowym bod\u017acem podczas milongi.<\/p>\n\n\n\n<figure class=\"wp-block-image\"><img loading=\"lazy\" width=\"390\" height=\"520\" src=\"https:\/\/tango.argentino.pl\/festival\/wp-content\/uploads\/2019\/07\/DJ-ADi-1.jpg\" alt=\"\" class=\"wp-image-392\" srcset=\"https:\/\/tango.argentino.pl\/festival\/wp-content\/uploads\/2019\/07\/DJ-ADi-1.jpg 390w, https:\/\/tango.argentino.pl\/festival\/wp-content\/uploads\/2019\/07\/DJ-ADi-1-225x300.jpg 225w\" sizes=\"(max-width: 390px) 100vw, 390px\" \/><\/figure>\n\n\n\n<p class=\"has-medium-font-size\">Adrian Grygier<\/p>\n\n\n\n<p>Imprezy taneczne prowadz\u0119 od&#8230;. zawsze \ud83d\ude42 Zacz\u0119\u0142o si\u0119 niewinnie ju\u017c w szkole podstawowej od prowadzenia szkolnych dyskotek \ud83d\ude42 Muzyka jest najlepszym towarzyszem mojego \u017cycia (opr\u00f3cz oczywi\u015bcie \u017cony i dzieci :)) No ale skupmy si\u0119 na Tangu. Od 1999 roku Tango tak mnie poch\u0142on\u0119\u0142o, \u017ce opr\u00f3cz ta\u0144ca, prowadzenia Akademii Tanga i uczenia innych, praktycznie ka\u017cdy wolny czas sp\u0119dzam na wyje\u017adzie tangowym, na milondze lub po prostu s\u0142uchaj\u0105c tanga. Graj\u0105c obserwuj\u0119 ludzi, ich nastr\u00f3j i staram si\u0119 dobiera\u0107 muzyk\u0119 do panuj\u0105cej atmosfery. Uwielbiam tanga z okresu 20-40 lat ubieg\u0142ego stulecia. Cho\u0107 cz\u0119sto jako\u015bciowo odbiegaj\u0105 od wsp\u00f3\u0142czesnych wykona\u0144 to jest w nich serce i wielkie emocje \ud83d\ude42 Uwielbiam D&#8217;Arienzo, Biagi&#8217;ego, Vargasa, Canaro, Di Sarli. C\u00f3\u017c Tango to moje \u017cycie! <\/p>\n<\/div>\n<\/div>\n\n\n\n<p><\/p>\n","protected":false},"excerpt":{"rendered":"<p>Carlos Roulet &amp; Edgardo Otero cuarteto Duet stworzony przez Carlosa Rouleta &#8211; g\u0142os i Edgardo Otero Salvadora &#8211; bandoneon i fortepian, razem przywo\u0142uj\u0105 pocz\u0105tki argenty\u0144skiego tanga, w jego najczystszej i najbardziej tradycyjnej formie. Wnosz\u0105 niuanse, sentymentalizm i ciep\u0142o niezb\u0119dne do interpretacji tego popularnego gatunku. Ukazuj\u0105 graj\u0105c repertuar tang, walc\u00f3w i milong, swoj\u0105 mi\u0142o\u015bci do Tango, &hellip; <\/p>\n<p class=\"link-more\"><a href=\"https:\/\/tango.argentino.pl\/festival\/djs\/\" class=\"more-link\">Czytaj dalej<span class=\"screen-reader-text\"> \u201eMuzyka i DJ-e\u201d<\/span><\/a><\/p>\n","protected":false},"author":1,"featured_media":0,"parent":0,"menu_order":0,"comment_status":"closed","ping_status":"closed","template":"","meta":[],"_links":{"self":[{"href":"https:\/\/tango.argentino.pl\/festival\/wp-json\/wp\/v2\/pages\/91"}],"collection":[{"href":"https:\/\/tango.argentino.pl\/festival\/wp-json\/wp\/v2\/pages"}],"about":[{"href":"https:\/\/tango.argentino.pl\/festival\/wp-json\/wp\/v2\/types\/page"}],"author":[{"embeddable":true,"href":"https:\/\/tango.argentino.pl\/festival\/wp-json\/wp\/v2\/users\/1"}],"replies":[{"embeddable":true,"href":"https:\/\/tango.argentino.pl\/festival\/wp-json\/wp\/v2\/comments?post=91"}],"version-history":[{"count":36,"href":"https:\/\/tango.argentino.pl\/festival\/wp-json\/wp\/v2\/pages\/91\/revisions"}],"predecessor-version":[{"id":633,"href":"https:\/\/tango.argentino.pl\/festival\/wp-json\/wp\/v2\/pages\/91\/revisions\/633"}],"wp:attachment":[{"href":"https:\/\/tango.argentino.pl\/festival\/wp-json\/wp\/v2\/media?parent=91"}],"curies":[{"name":"wp","href":"https:\/\/api.w.org\/{rel}","templated":true}]}}